es 5 divide 73417?
False
Does 97 divide 104138?
False
Is 228 a factor of 1319664?
True
Is 3724960 a multiple of 80?
True
Does 1904 divide 26496645?
False
Is 102 a factor of 1984053?
False
Is 4 a factor of 20197?
False
Is 6 a factor of 5245966?
False
Is 18868 a multiple of 4?
True
Does 9 divide 8952645?
False
Is 58 a factor of 60900?
True
Is 6148429 a multiple of 260?
False
Does 384 divide 3456?
True
Is 25 a factor of 64675?
True
Does 98 divide 87808?
True
Is 300146 a multiple of 16?
False
Is 86 a factor of 3096?
True
Is 172 a factor of 874964?
True
Does 19 divide 4410966?
False
Is 78690 a multiple of 61?
True
Does 5 divide 302527?
False
Does 14 divide 3135118?
True
Does 6 divide 567150?
True
Does 2 divide 237065?
False
Is 176995 a multiple of 91?
True
Is 100 a factor of 11708?
False
Does 72 divide 64080?
True
Does 265 divide 545105?
True
Is 2191635 a multiple of 5?
True
Is 12826 a multiple of 7?
False
Is 44 a factor of 216700?
True
Is 3044970 a multiple of 414?
True
Is 15915 a multiple of 15?
True
Is 5 a factor of 2673?
False
Is 4469698 a multiple of 189?
False
Is 1148 a factor of 6742204?
True
Does 87 divide 116113?
False
Does 1319 divide 5589922?
True
Is 127 a factor of 2377313?
True
Is 23 a factor of 401143?
True
Is 74 a factor of 26091?
False
Does 470 divide 62243?
False
Does 778 divide 8835746?
True
Is 30 a factor of 83610?
True
Is 13 a factor of 2247947?
True
Does 81 divide 8163474?
False
Does 128 divide 69504?
True
Does 359 divide 1119092?
False
Does 32 divide 53993?
False
Is 803 a factor of 466463?
False
Does 185 divide 19055?
True
Is 48 a factor of 1827648?
True
Does 17 divide 33133?
True
Is 2825920 a multiple of 20?
True
Does 72 divide 365904?
True
Is 5 a factor of 69808?
False
Is 187 a factor of 1236492?
False
Is 54 a factor of 56322?
True
Is 34 a factor of 2325053?
False
Is 55 a factor of 15364181?
False
Is 128 a factor of 9791488?
True
Does 6 divide 946364?
False
Is 11 a factor of 1631284?
False
Is 4210206 a multiple of 91?
True
Does 65 divide 2324075?
True
Is 498 a factor of 1170142?
False
Is 9692 a multiple of 5?
False
Is 222884 a multiple of 94?
False
Is 110 a factor of 333141?
False
Does 16 divide 27842256?
True
Is 12 a factor of 209352?
True
Is 18 a factor of 65374?
False
Does 11 divide 289773?
True
Is 16 a factor of 79616?
True
Is 5952532 a multiple of 11?
False
Is 75999 a multiple of 329?
True
Is 142275 a multiple of 15?
True
Is 1676057 a multiple of 36?
False
Is 177 a factor of 1823277?
True
Is 20 a factor of 121456?
False
Is 11592 a multiple of 12?
True
Is 270 a factor of 576450?
True
Does 6 divide 35598?
True
Is 4368 a multiple of 3?
True
Is 15 a factor of 309180?
True
Is 58 a factor of 396654?
False
Does 40 divide 81559?
False
Is 7085531 a multiple of 21?
False
Is 21 a factor of 168756?
True
Is 510195 a multiple of 7?
True
Is 502620 a multiple of 5?
True
Is 417 a factor of 12482478?
True
Does 19 divide 1162097?
True
Is 854496 a multiple of 32?
True
Does 36 divide 534166?
False
Is 383 a factor of 1249729?
True
Is 446730 a multiple of 399?
False
Does 38 divide 193144?
False
Is 267592 a multiple of 104?
True
Is 163 a factor of 40261?
True
Is 3 a factor of 225936?
True
Is 3359014 a multiple of 44?
False
Does 542 divide 8130?
True
Is 328353 a multiple of 84?
False
Is 393969 a multiple of 22?
False
Is 7 a factor of 833112?
True
Is 186 a factor of 2640270?
True
Is 3085589 a multiple of 29?
False
Does 10 divide 276950?
True
Is 29 a factor of 417034?
False
Is 18 a factor of 420313?
False
Is 81 a factor of 268029?
True
Is 14681158 a multiple of 156?
False
Is 1279680 a multiple of 645?
True
Is 99 a factor of 8661647?
False
Is 185 a factor of 1969987?
False
Is 296148 a multiple of 174?
True
Does 56 divide 24640?
True
Is 38641 a multiple of 117?
False
Is 183 a factor of 317871?
True
Is 215 a factor of 77519?
False
Is 1986368 a multiple of 7?
False
Is 903386 a multiple of 189?
False
Is 120661 a multiple of 9?
False
Is 16656 a multiple of 4?
True
Is 3151470 a multiple of 215?
True
Is 1262263 a multiple of 23?
True
Is 5866010 a multiple of 19?
False
Is 373934 a multiple of 11?
True
Is 319788 a multiple of 243?
True
Does 26 divide 102856?
True
Does 10 divide 57170?
True
Is 35 a factor of 143720?
False
Is 105 a factor of 265746?
False
Is 8 a factor of 10822504?
True
Does 3 divide 1164419?
False
Is 70728 a multiple of 14?
True
Is 97 a factor of 241835?
False
Is 4 a factor of 56724?
True
Is 975566 a multiple of 12?
False
Is 18 a factor of 675972?
True
Does 57 divide 208222?
False
Does 13 divide 853320?
True
Does 6 divide 488766?
True
Is 64834 a multiple of 7?
True
Is 11126976 a multiple of 974?
True
Is 16 a factor of 7582944?
True
Does 474 divide 895860?
True
Is 1965470 a multiple of 169?
True
Is 14525 a multiple of 35?
True
Is 146 a factor of 50951?
False
Does 148 divide 593480?
True
Is 20 a factor of 45360?
True
Is 29 a factor of 96889?
True
Is 39 a factor of 2880521?
False
Is 21 a factor of 110376?
True
Does 618 divide 851882?
False
Does 18 divide 123803?
False
Is 5 a factor of 38505?
True
Is 1809439 a multiple of 31?
True
Is 33 a factor of 74943?
True
Is 25383 a multiple of 2?
False
Is 8 a factor of 118482?
False
Is 35 a factor of 865828?
False
Is 525446 a multiple of 237?
False
Is 109 a factor of 144425?
True
Is 305 a factor of 1700515?
False
Is 25035 a multiple of 3?
True
Is 5734402 a multiple of 17?
False
Does 11 divide 1337694?
False
Does 1724 divide 3382488?
True
Is 17 a factor of 9553847?
True
Is 524 a factor of 1342251?
False
Does 11 divide 427504?
True
Is 4773294 a multiple of 18?
True
Does 362 divide 3387343?
False
Is 413 a factor of 453474?
True
Is 6490819 a multiple of 1615?
False
Is 310821 a multiple of 123?
True
Is 651 a factor of 396929?
False
Is 1671904 a multiple of 16?
True
Does 27 divide 403164?
True
Does 176 divide 3332736?
True
Is 631306 a multiple of 13?
True
Is 7 a factor of 159901?
True
Is 278 a factor of 1024323?
False
Is 30 a factor of 110100?
True
Is 52 a factor of 9175223?
False
Does 18 divide 275081?
False
Is 8 a factor of 1844048?
True
Does 10 divide 146731?
False
Is 2 a factor of 96711?
False
Does 117 divide 183800?
False
Is 21371 a multiple of 14?
False
Is 37 a factor of 54945?
True
Does 230 divide 464105?
False
Does 321 divide 1208565?
True
Does 27 divide 4220202?
False
Is 85 a factor of 1825205?
True
Does 104 divide 140737?
False
Does 38 divide 1563749?
False
Is 318 a factor of 4558848?
True
Does 282 divide 73884?
True
Is 6979979 a multiple of 105?
False
Is 397387 a multiple of 71?
True
Is 12 a factor of 117672?
True
Is 8695950 a multiple of 75?
True
Is 162441 a multiple of 8?
False
Is 239 a factor of 3670758?
False
Is 33 a factor of 11271692?
False
Does 13 divide 95381?
True
Does 140 divide 3638320?
True
Does 66 divide 229?
False
Is 58155 a multiple of 225?
False
Is 6 a factor of 576300?
True
Is 55 a factor of 455400?
True
Does 34 divide 398177?
False
Is 96 a factor of 1563458?
False
Is 32 a factor of 1534610?
False
Is 77698 a multiple of 14?
False
Is 62281 a multiple of 61?
True
Is 13 a factor of 26375076?
True
Does 48 divide 342575?
False
Is 1879600 a multiple of 16?
True
Is 1152913 a multiple of 12?
False
Does 265 divide 3332110?
True
Is 125568 even?
True
Is 22 a factor of 324434?
True
Is 201280 a multiple of 37?
True
Is 5 a factor of 247819?
False
Is 955 a factor of 20455145?
True
Is 57351 a multiple of 138?
False
Does 8 divide 181656?
True
Is 2151 a factor of 1256184?
True
Is 11 a factor of 210513?
False
Does 62 divide 911524?
True
Does 462 divide 1427118?
True
Is 95 a factor of 2334625?
True
Does 4 divide 1612120?
True
Is 22524 a multiple of 46?
False
Does 128 divide 39376?
False
Is 2186976 a multiple of 436?
True
Does 12 divide 42696?
True
Does 6 divide 2797139?
False
Is 51759 a multiple of 73?
False
Does 23 divide 36084?
False
Does 15 divide 4846604?
False
Does 6 divide 107838?
True
Is 11545 a multiple of 14?
False
Does 387 divide 1041329?
False
Does 340 divide 292060?
True
Is 19934872 a multiple of 1496?
False
Does 36 divide 53712?
True
Is 165195 a multiple of 9?
True
Is 322681 a multiple of 14?
False
Does 26 divide 7020?
True
Is 10 a factor of 272288?
False
Is 12 a factor of 207936?
True
Does 876 divide 4690980?
True
Does 6 divide 20695?
False
Is 61 a factor of 1128500?
True
Does 297 div